{"id":882,"date":"2018-05-29T11:12:41","date_gmt":"2018-05-29T11:12:41","guid":{"rendered":"http:\/\/xtratheme.com\/default\/?page_id=11"},"modified":"2020-11-30T23:01:44","modified_gmt":"2020-11-30T22:01:44","slug":"services","status":"publish","type":"page","link":"https:\/\/www.obchod-servis.cz\/?page_id=882","title":{"rendered":"Technika a za\u0159\u00edzen\u00ed"},"content":{"rendered":"<p>[vc_row][vc_column width=&#8220;1\/6&#8243;][\/vc_column][vc_column width=&#8220;2\/3&#8243;]<div id=\"cz_19288\" class=\"cz_19288 cz_title clr cz_title_pos_inline tac\"><div class=\"cz_title_content\"><span class=\"cz_line_side_solo\">_<\/span><div class=\"cz_wpe_content\"><h3 style=\"text-align: center;\"><span style=\"font-size: 32px;\">Technika <span style=\"color: #cc2c24;\">a <span style=\"color: #333333;\">za\u0159\u00edzen\u00ed<\/span><\/span><\/span><\/h3>\n<p style=\"text-align: center;\"><span style=\"font-size: 18px; color: #666666;\">Technika a za\u0159\u00edzen\u00ed na\u0161\u00ed firmy<\/span><\/p>\n<\/div><span class=\"cz_line_side_solo cz_line_side_after\">_<\/span><\/div><\/div><div class=\"cz_gap clr \" style=\"height: 50px\"><\/div><div id=\"cz_35286\" class=\"cz_35286 cz_title clr cz_title_pos_inline\"><div class=\"cz_title_content\"><div class=\"cz_wpe_content\"><p>Techniku se sna\u017e\u00edme neust\u00e1le roz\u0161i\u0159ovat, aby jsme byli schopn\u00ed, vyhov\u011bt ve\u0161ker\u00fdm po\u017eadavk\u016fm z\u00e1kazn\u00edka.<\/p>\n<\/div><\/div><\/div><div class=\"cz_gap clr \" style=\"height: 70px\"><\/div>[\/vc_column][vc_column width=&#8220;1\/6&#8243;][\/vc_column][\/vc_row][vc_row][vc_column offset=&#8220;vc_col-md-4&#8243;]<div id=\"cz_96785\" class=\"cz_96785 cz_image clr cz_image_no_fx center_on_mobile\"><div class=\"\" ><div class=\"cz_image_in\"><div class=\"cz_main_image\"><img width=\"780\" height=\"780\" src=\"data:image\/svg+xml,%3Csvg%20xmlns%3D&#39;http%3A%2F%2Fwww.w3.org%2F2000%2Fsvg&#39;%20width=&#39;780&#39;%20height=&#39;780&#39;%20viewBox%3D&#39;0%200%20780%20780&#39;%2F%3E\" data-czlz data-src=\"https:\/\/www.obchod-servis.cz\/wp-content\/uploads\/2019\/07\/atego780.jpg\" class=\"attachment-full\" alt=\"\" data-srcset=\"https:\/\/www.obchod-servis.cz\/wp-content\/uploads\/2019\/07\/atego780.jpg 780w, https:\/\/www.obchod-servis.cz\/wp-content\/uploads\/2019\/07\/atego780-80x80.jpg 80w, https:\/\/www.obchod-servis.cz\/wp-content\/uploads\/2019\/07\/atego780-300x300.jpg 300w, https:\/\/www.obchod-servis.cz\/wp-content\/uploads\/2019\/07\/atego780-768x768.jpg 768w, https:\/\/www.obchod-servis.cz\/wp-content\/uploads\/2019\/07\/atego780-600x600.jpg 600w\" data-sizes=\"(max-width: 780px) 100vw, 780px\" \/><\/div><\/div><\/div><\/div><div class=\"cz_eqh cz_content_box_parent_fx  \"><div id=\"cz_95452\" class=\"cz_95452 cz_content_box clr\"><div class=\"cz_box_front clr\"><div class=\"cz_box_front_inner clr \"><span><\/span><div><div id=\"cz_12598\" class=\"cz_12598 cz_title clr cz_title_pos_inline tac\"><div class=\"cz_title_content\"><div class=\"cz_wpe_content\"><h3 style=\"text-align: center;\"><span style=\"font-size: 30px;\"><span style=\"color: #cc2c24;\">01.<\/span> Nosi\u010d kontejneru n\u00e1kladn\u00ed vozidlo ATEGO 1528<\/span><\/h3>\n<\/div><\/div><\/div><div class=\"cz_gap clr \" style=\"height: 30px\"><\/div>[vc_column_text]<\/p>\n<p style=\"text-align: center;\">ATEGO 1528 je velmi dobr\u00fdm d\u011bln\u00edkem, pou\u017e\u00edv\u00e1me jej jak na dopravu a p\u0159istavov\u00e1n\u00ed kontejner\u016f, tak na dovoz beton\u016f, \u0161t\u011brk\u016f p\u00edsk\u016f a dal\u0161\u00edch sypk\u00fdch hmot, tak\u00e9 na dopravu materi\u00e1l\u016f jako je z\u00e1mkov\u00e1 dla\u017eba \u010di cihly. Jeho nosnost je a\u017e 8 tun co\u017e umo\u017e\u0148uje \u0161irok\u00e9 spektrum pou\u017eit\u00ed.<\/p>\n<p>[\/vc_column_text]<\/div><\/div><\/div><\/div><\/div><div class=\"cz_gap clr \" style=\"height: 30px\"><\/div>[\/vc_column][vc_column offset=&#8220;vc_col-md-4&#8243;]<div id=\"cz_46080\" class=\"cz_46080 cz_image clr cz_image_no_fx center_on_mobile\"><div class=\"\" ><div class=\"cz_image_in\"><div class=\"cz_main_image\"><img width=\"780\" height=\"780\" src=\"data:image\/svg+xml,%3Csvg%20xmlns%3D&#39;http%3A%2F%2Fwww.w3.org%2F2000%2Fsvg&#39;%20width=&#39;780&#39;%20height=&#39;780&#39;%20viewBox%3D&#39;0%200%20780%20780&#39;%2F%3E\" data-czlz data-src=\"https:\/\/www.obchod-servis.cz\/wp-content\/uploads\/2019\/07\/takeuchi780.jpg\" class=\"attachment-full\" alt=\"\" data-srcset=\"https:\/\/www.obchod-servis.cz\/wp-content\/uploads\/2019\/07\/takeuchi780.jpg 780w, https:\/\/www.obchod-servis.cz\/wp-content\/uploads\/2019\/07\/takeuchi780-80x80.jpg 80w, https:\/\/www.obchod-servis.cz\/wp-content\/uploads\/2019\/07\/takeuchi780-300x300.jpg 300w, https:\/\/www.obchod-servis.cz\/wp-content\/uploads\/2019\/07\/takeuchi780-768x768.jpg 768w, https:\/\/www.obchod-servis.cz\/wp-content\/uploads\/2019\/07\/takeuchi780-600x600.jpg 600w\" data-sizes=\"(max-width: 780px) 100vw, 780px\" \/><\/div><\/div><\/div><\/div><div class=\"cz_eqh cz_content_box_parent_fx  \"><div id=\"cz_63067\" class=\"cz_63067 cz_content_box clr\"><div class=\"cz_box_front clr\"><div class=\"cz_box_front_inner clr \"><span><\/span><div><div id=\"cz_88031\" class=\"cz_88031 cz_title clr cz_title_pos_inline tac\"><div class=\"cz_title_content\"><div class=\"cz_wpe_content\"><h3 style=\"text-align: center;\"><span style=\"font-size: 30px;\"><span style=\"color: #cc2c24;\">02.<\/span> P\u00e1sov\u00e9 rypadlo Takeuchi TB138FR<\/span><\/h3>\n<\/div><\/div><\/div><div class=\"cz_gap clr \" style=\"height: 30px\"><\/div>[vc_column_text]<\/p>\n<p style=\"text-align: center;\">\n<table width=\"450px\">\n<tbody>\n<tr>\n<td>Hmotnost:<\/td>\n<td>3,8 t<\/td>\n<\/tr>\n<tr>\n<td>Hloubka v\u00fdkopu:<\/td>\n<td>3 m<\/td>\n<\/tr>\n<tr>\n<td>Pr\u016fjezdn\u00ed \u0161\u00ed\u0159ka:<\/td>\n<td>1,8 m<\/td>\n<\/tr>\n<tr>\n<td>\u0160\u00ed\u0159ka v\u00fdkopu:<\/td>\n<td>25, 35, 45, 60 cm<\/td>\n<\/tr>\n<\/tbody>\n<\/table>\n<p>120 cm svahov\u00e1 l\u017e\u00edce, 150 cm svahov\u00e1 nakl\u00e1p\u011bc\u00ed l\u017e\u00edce<\/p>\n<p>Bagr spad\u00e1 do kategorie 3,5t s nulov\u00fdm p\u0159esahem z\u00e1d\u011b. Umo\u017e\u0148uje pr\u00e1ci ve st\u00edsn\u011bn\u00fdch prostor\u00e1ch. V\u00fdhodou je mimoosv\u00e9 kop\u00e1n\u00ed a gumov\u00e9 p\u00e1sy. Vhodn\u00fd je mj. k v\u00fdkopu in\u017een\u00fdrsk\u00fdch s\u00edt\u00ed, z\u00e1klad\u016fm RD atd.[\/vc_column_text]<\/div><\/div><\/div><\/div><\/div><div class=\"cz_gap clr \" style=\"height: 30px\"><\/div>[\/vc_column][vc_column offset=&#8220;vc_col-md-4&#8243;]<div id=\"cz_58785\" class=\"cz_58785 cz_image clr cz_image_no_fx center_on_mobile\"><div class=\"\" ><div class=\"cz_image_in\"><div class=\"cz_main_image\"><img width=\"780\" height=\"780\" src=\"data:image\/svg+xml,%3Csvg%20xmlns%3D&#39;http%3A%2F%2Fwww.w3.org%2F2000%2Fsvg&#39;%20width=&#39;780&#39;%20height=&#39;780&#39;%20viewBox%3D&#39;0%200%20780%20780&#39;%2F%3E\" data-czlz data-src=\"https:\/\/www.obchod-servis.cz\/wp-content\/uploads\/2019\/04\/pech.jpg\" class=\"attachment-full\" alt=\"\" data-srcset=\"https:\/\/www.obchod-servis.cz\/wp-content\/uploads\/2019\/04\/pech.jpg 780w, https:\/\/www.obchod-servis.cz\/wp-content\/uploads\/2019\/04\/pech-80x80.jpg 80w, https:\/\/www.obchod-servis.cz\/wp-content\/uploads\/2019\/04\/pech-300x300.jpg 300w, https:\/\/www.obchod-servis.cz\/wp-content\/uploads\/2019\/04\/pech-768x768.jpg 768w, https:\/\/www.obchod-servis.cz\/wp-content\/uploads\/2019\/04\/pech-600x600.jpg 600w\" data-sizes=\"(max-width: 780px) 100vw, 780px\" \/><\/div><\/div><\/div><\/div><div class=\"cz_eqh cz_content_box_parent_fx  \"><div id=\"cz_22535\" class=\"cz_22535 cz_content_box clr\"><div class=\"cz_box_front clr\"><div class=\"cz_box_front_inner clr \"><span><\/span><div><div id=\"cz_39741\" class=\"cz_39741 cz_title clr cz_title_pos_inline tac\"><div class=\"cz_title_content\"><div class=\"cz_wpe_content\"><h3 style=\"text-align: center;\"><span style=\"font-size: 30px;\"><span style=\"color: #cc2c24;\">03.<\/span> Vibra\u010dn\u00ed p\u011bch Lumag VS 80S<\/span><\/h3>\n<\/div><\/div><\/div><div class=\"cz_gap clr \" style=\"height: 30px\"><\/div>[vc_column_text]Vibra\u010dn\u00ed p\u011bch\u00a0<strong>Lumag VS 80S<\/strong>\u00a0je vhodn\u00fd k dus\u00e1n\u00ed p\u00edsk\u016f, \u0161t\u011brk\u016f, soudr\u017en\u00fdch i sm\u00ed\u0161en\u00fdch zemin ve v\u00fdkopech, p\u0159\u00edkopech a jinak t\u011b\u017eko p\u0159\u00edstupn\u00fdch m\u00edstech.<\/p>\n<p>Jednoduch\u00e9 a pohodln\u00e9 ovl\u00e1d\u00e1n\u00ed.[\/vc_column_text]<\/div><\/div><\/div><\/div><\/div><div class=\"cz_gap clr \" style=\"height: 30px\"><\/div>[\/vc_column][\/vc_row][vc_row][vc_column offset=&#8220;vc_col-md-4&#8243;]<div id=\"cz_62842\" class=\"cz_62842 cz_image clr cz_image_no_fx center_on_mobile\"><div class=\"\" ><div class=\"cz_image_in\"><div class=\"cz_main_image\"><img width=\"780\" height=\"780\" src=\"data:image\/svg+xml,%3Csvg%20xmlns%3D&#39;http%3A%2F%2Fwww.w3.org%2F2000%2Fsvg&#39;%20width=&#39;780&#39;%20height=&#39;780&#39;%20viewBox%3D&#39;0%200%20780%20780&#39;%2F%3E\" data-czlz data-src=\"https:\/\/www.obchod-servis.cz\/wp-content\/uploads\/2019\/04\/deska.jpg\" class=\"attachment-full\" alt=\"\" data-srcset=\"https:\/\/www.obchod-servis.cz\/wp-content\/uploads\/2019\/04\/deska.jpg 780w, https:\/\/www.obchod-servis.cz\/wp-content\/uploads\/2019\/04\/deska-80x80.jpg 80w, https:\/\/www.obchod-servis.cz\/wp-content\/uploads\/2019\/04\/deska-300x300.jpg 300w, https:\/\/www.obchod-servis.cz\/wp-content\/uploads\/2019\/04\/deska-768x768.jpg 768w, https:\/\/www.obchod-servis.cz\/wp-content\/uploads\/2019\/04\/deska-600x600.jpg 600w\" data-sizes=\"(max-width: 780px) 100vw, 780px\" \/><\/div><\/div><\/div><\/div><div class=\"cz_eqh cz_content_box_parent_fx  \"><div id=\"cz_95452\" class=\"cz_95452 cz_content_box clr\"><div class=\"cz_box_front clr\"><div class=\"cz_box_front_inner clr \"><span><\/span><div><div id=\"cz_52244\" class=\"cz_52244 cz_title clr cz_title_pos_inline tac\"><div class=\"cz_title_content\"><div class=\"cz_wpe_content\"><h3 style=\"text-align: center;\"><span style=\"font-size: 30px;\"><span style=\"color: #cc2c24;\">04.<\/span> Vibra\u010dn\u00ed deska Lumag RP 130HPC<\/span><\/h3>\n<\/div><\/div><\/div><div class=\"cz_gap clr \" style=\"height: 30px\"><\/div>[vc_column_text]\u2022 Kompaktn\u00ed v\u00fdkonn\u00e1 vibra\u010dn\u00ed deska s reverzn\u00edm chodem (vp\u0159ed a vzad) jako\u017e i s vynikaj\u00edc\u00edmi hutn\u00edc\u00edmi vlastnostmi.<br \/>\n\u2022 Multifunk\u010dn\u00ed za\u0159\u00edzen\u00ed vhodn\u00e9 pro st\u0159edn\u00ed a\u017e obt\u00ed\u017en\u00e9 hutn\u00edc\u00ed pr\u00e1ce obzvl\u00e1\u0161t\u011b na zahrad\u00e1ch, p\u0159i krajinn\u00fdch a stavebn\u00edch \u00faprav\u00e1ch ter\u00e9nu.<br \/>\n\u2022 T\u00edmto strojem lze snadno prov\u00e1d\u011bt i hutn\u011bn\u00ed na\u00a0 mal\u00e9m, resp. \u00fazk\u00e9m prostoru.[\/vc_column_text]<\/div><\/div><\/div><\/div><\/div><div class=\"cz_gap clr \" style=\"height: 30px\"><\/div>[\/vc_column][vc_column offset=&#8220;vc_col-md-4&#8243;]<div id=\"cz_70875\" class=\"cz_70875 cz_image clr cz_image_no_fx center_on_mobile\"><div class=\"\" ><div class=\"cz_image_in\"><div class=\"cz_main_image\"><img width=\"780\" height=\"780\" src=\"data:image\/svg+xml,%3Csvg%20xmlns%3D&#39;http%3A%2F%2Fwww.w3.org%2F2000%2Fsvg&#39;%20width=&#39;780&#39;%20height=&#39;780&#39;%20viewBox%3D&#39;0%200%20780%20780&#39;%2F%3E\" data-czlz data-src=\"https:\/\/www.obchod-servis.cz\/wp-content\/uploads\/2019\/07\/demper780.jpg\" class=\"attachment-full\" alt=\"\" data-srcset=\"https:\/\/www.obchod-servis.cz\/wp-content\/uploads\/2019\/07\/demper780.jpg 780w, https:\/\/www.obchod-servis.cz\/wp-content\/uploads\/2019\/07\/demper780-80x80.jpg 80w, https:\/\/www.obchod-servis.cz\/wp-content\/uploads\/2019\/07\/demper780-300x300.jpg 300w, https:\/\/www.obchod-servis.cz\/wp-content\/uploads\/2019\/07\/demper780-768x768.jpg 768w, https:\/\/www.obchod-servis.cz\/wp-content\/uploads\/2019\/07\/demper780-600x600.jpg 600w\" data-sizes=\"(max-width: 780px) 100vw, 780px\" \/><\/div><\/div><\/div><\/div><div class=\"cz_eqh cz_content_box_parent_fx  \"><div id=\"cz_63067\" class=\"cz_63067 cz_content_box clr\"><div class=\"cz_box_front clr\"><div class=\"cz_box_front_inner clr \"><span><\/span><div><div id=\"cz_77025\" class=\"cz_77025 cz_title clr cz_title_pos_inline tac\"><div class=\"cz_title_content\"><div class=\"cz_wpe_content\"><h3 style=\"text-align: center;\"><span style=\"font-size: 30px;\"><span style=\"color: #cc2c24;\">05.<\/span> Demper BARFORD SXR8000<\/span><\/h3>\n<\/div><\/div><\/div><div class=\"cz_gap clr \" style=\"height: 30px\"><\/div>[vc_column_text]Tento \u0161ikovn\u00fd stroj vyu\u017e\u00edv\u00e1me p\u0159ev\u00e1\u017en\u011b na stavb\u00e1ch s hor\u0161\u00ed ter\u00e9nn\u00ed dostupnost\u00ed.(Nadm\u011brn\u00e9 svahy a mok\u0159iny)<\/p>\n<p>BARFORD SXR8000 uveze a\u017e 8 tun materi\u00e1lu a d\u00edky jeho nat\u00e1\u010dec\u00ed korb\u011b dok\u00e1\u017eeme materi\u00e1l dostat tam kam je t\u0159eba.Lze vyu\u017e\u00edt i pro vyv\u00e1\u017een\u00ed zeminy a n\u00e1sledn\u00e9 syp\u00e1n\u00ed rovnou do p\u0159ipraven\u00fdch kontejner\u016f.[\/vc_column_text]<\/div><\/div><\/div><\/div><\/div><div class=\"cz_gap clr \" style=\"height: 30px\"><\/div>[\/vc_column][vc_column offset=&#8220;vc_col-md-4&#8243;]<div id=\"cz_85971\" class=\"cz_85971 cz_image clr cz_image_no_fx center_on_mobile\"><div class=\"\" ><div class=\"cz_image_in\"><div class=\"cz_main_image\"><img width=\"780\" height=\"780\" src=\"data:image\/svg+xml,%3Csvg%20xmlns%3D&#39;http%3A%2F%2Fwww.w3.org%2F2000%2Fsvg&#39;%20width=&#39;780&#39;%20height=&#39;780&#39;%20viewBox%3D&#39;0%200%20780%20780&#39;%2F%3E\" data-czlz data-src=\"https:\/\/www.obchod-servis.cz\/wp-content\/uploads\/2019\/07\/kontik780.jpg\" class=\"attachment-full\" alt=\"\" data-srcset=\"https:\/\/www.obchod-servis.cz\/wp-content\/uploads\/2019\/07\/kontik780.jpg 780w, https:\/\/www.obchod-servis.cz\/wp-content\/uploads\/2019\/07\/kontik780-80x80.jpg 80w, https:\/\/www.obchod-servis.cz\/wp-content\/uploads\/2019\/07\/kontik780-300x300.jpg 300w, https:\/\/www.obchod-servis.cz\/wp-content\/uploads\/2019\/07\/kontik780-768x768.jpg 768w, https:\/\/www.obchod-servis.cz\/wp-content\/uploads\/2019\/07\/kontik780-600x600.jpg 600w\" data-sizes=\"(max-width: 780px) 100vw, 780px\" \/><\/div><\/div><\/div><\/div><div class=\"cz_eqh cz_content_box_parent_fx  \"><div id=\"cz_22535\" class=\"cz_22535 cz_content_box clr\"><div class=\"cz_box_front clr\"><div class=\"cz_box_front_inner clr \"><span><\/span><div><div id=\"cz_50172\" class=\"cz_50172 cz_title clr cz_title_pos_inline tac\"><div class=\"cz_title_content\"><div class=\"cz_wpe_content\"><h3 style=\"text-align: center;\"><span style=\"font-size: 30px;\"><span style=\"color: #cc2c24;\">06.<\/span> Su\u0165ov\u00e9 kontejnery<\/span><\/h3>\n<\/div><\/div><\/div><div class=\"cz_gap clr \" style=\"height: 30px\"><\/div>[vc_column_text]<\/p>\n<p style=\"text-align: center;\"><span style=\"color: #666666;\">Disponujeme kontejnery na stavebn\u00ed sut\u011b kter\u00e9 p\u0159istavujeme z\u00e1kazn\u00edkovy po domluv\u011b i na n\u011bkolik dn\u00ed.<\/span><\/p>\n<p>[\/vc_column_text]<\/div><\/div><\/div><\/div><\/div><div class=\"cz_gap clr \" style=\"height: 30px\"><\/div>[\/vc_column][\/vc_row][vc_row][vc_column offset=&#8220;vc_col-md-4&#8243;]<div id=\"cz_30430\" class=\"cz_30430 cz_image clr cz_image_no_fx center_on_mobile\"><div class=\"\" ><div class=\"cz_image_in\"><div class=\"cz_main_image\"><img width=\"780\" height=\"780\" src=\"data:image\/svg+xml,%3Csvg%20xmlns%3D&#39;http%3A%2F%2Fwww.w3.org%2F2000%2Fsvg&#39;%20width=&#39;780&#39;%20height=&#39;780&#39;%20viewBox%3D&#39;0%200%20780%20780&#39;%2F%3E\" data-czlz data-src=\"https:\/\/www.obchod-servis.cz\/wp-content\/uploads\/2020\/05\/rammax780.jpg\" class=\"attachment-full\" alt=\"\" data-srcset=\"https:\/\/www.obchod-servis.cz\/wp-content\/uploads\/2020\/05\/rammax780.jpg 780w, https:\/\/www.obchod-servis.cz\/wp-content\/uploads\/2020\/05\/rammax780-80x80.jpg 80w, https:\/\/www.obchod-servis.cz\/wp-content\/uploads\/2020\/05\/rammax780-300x300.jpg 300w, https:\/\/www.obchod-servis.cz\/wp-content\/uploads\/2020\/05\/rammax780-768x768.jpg 768w, https:\/\/www.obchod-servis.cz\/wp-content\/uploads\/2020\/05\/rammax780-600x600.jpg 600w\" data-sizes=\"(max-width: 780px) 100vw, 780px\" \/><\/div><\/div><\/div><\/div><div class=\"cz_eqh cz_content_box_parent_fx  \"><div id=\"cz_95452\" class=\"cz_95452 cz_content_box clr\"><div class=\"cz_box_front clr\"><div class=\"cz_box_front_inner clr \"><span><\/span><div><div id=\"cz_91518\" class=\"cz_91518 cz_title clr cz_title_pos_inline tac\"><div class=\"cz_title_content\"><div class=\"cz_wpe_content\"><h3 style=\"text-align: center;\"><span style=\"font-size: 30px;\"><span style=\"color: #cc2c24;\">07.<\/span> Vibra\u010dn\u00ed V\u00e1lec RAMMAX RW 1404<\/span><\/h3>\n<\/div><\/div><\/div><div class=\"cz_gap clr \" style=\"height: 30px\"><\/div>[vc_column_text]P\u0159\u00edkopov\u00fd vibra\u010dn\u00ed je\u017ekov\u00fd v\u00e1lec AMMANN RAMMAX RW 1404 s dieselov\u00fdm motorem Hatz o v\u00fdkonu 13,2kW.<\/p>\n<p>Hutn\u00edc\u00ed s\u00edla 86kN.<\/p>\n<p>Hmotnost 1,36t,<\/p>\n<p>\u0160\u00ed\u0159ka v\u00e1lc\u016f 84 cm.[\/vc_column_text]<\/div><\/div><\/div><\/div><\/div><div class=\"cz_gap clr \" style=\"height: 30px\"><\/div>[\/vc_column][vc_column offset=&#8220;vc_col-md-4&#8243;]<div id=\"cz_36669\" class=\"cz_36669 cz_image clr cz_image_no_fx center_on_mobile\"><div class=\"\" ><div class=\"cz_image_in\"><div class=\"cz_main_image\"><img width=\"780\" height=\"780\" src=\"data:image\/svg+xml,%3Csvg%20xmlns%3D&#39;http%3A%2F%2Fwww.w3.org%2F2000%2Fsvg&#39;%20width=&#39;780&#39;%20height=&#39;780&#39;%20viewBox%3D&#39;0%200%20780%20780&#39;%2F%3E\" data-czlz data-src=\"https:\/\/www.obchod-servis.cz\/wp-content\/uploads\/2020\/05\/neuson780.jpg\" class=\"attachment-full\" alt=\"\" data-srcset=\"https:\/\/www.obchod-servis.cz\/wp-content\/uploads\/2020\/05\/neuson780.jpg 780w, https:\/\/www.obchod-servis.cz\/wp-content\/uploads\/2020\/05\/neuson780-80x80.jpg 80w, https:\/\/www.obchod-servis.cz\/wp-content\/uploads\/2020\/05\/neuson780-300x300.jpg 300w, https:\/\/www.obchod-servis.cz\/wp-content\/uploads\/2020\/05\/neuson780-768x768.jpg 768w, https:\/\/www.obchod-servis.cz\/wp-content\/uploads\/2020\/05\/neuson780-600x600.jpg 600w\" data-sizes=\"(max-width: 780px) 100vw, 780px\" \/><\/div><\/div><\/div><\/div><div class=\"cz_eqh cz_content_box_parent_fx  \"><div id=\"cz_63067\" class=\"cz_63067 cz_content_box clr\"><div class=\"cz_box_front clr\"><div class=\"cz_box_front_inner clr \"><span><\/span><div><div id=\"cz_24115\" class=\"cz_24115 cz_title clr cz_title_pos_inline tac\"><div class=\"cz_title_content\"><div class=\"cz_wpe_content\"><h3 style=\"text-align: center;\"><span style=\"font-size: 30px;\"><span style=\"color: #cc2c24;\">08.<\/span> P\u00e1sov\u00fd bagr Wacker Neuson 6003\u00a0<\/span><\/h3>\n<\/div><\/div><\/div><div class=\"cz_gap clr \" style=\"height: 30px\"><\/div>[vc_column_text]<\/p>\n<table width=\"450px\">\n<tbody>\n<tr>\n<td>Hmotnost:<\/td>\n<td>5,5 t<\/td>\n<\/tr>\n<tr>\n<td>Hloubka v\u00fdkopu:<\/td>\n<td>3,8 m<\/td>\n<\/tr>\n<tr>\n<td>Pr\u016fjezdn\u00ed \u0161\u00ed\u0159ka:<\/td>\n<td>2 m<\/td>\n<\/tr>\n<tr>\n<td>\u0160\u00ed\u0159ka v\u00fdkopu:<\/td>\n<td>\u00a040, 55, 80 cm<\/td>\n<\/tr>\n<\/tbody>\n<\/table>\n<p>110 cm svahov\u00e1 l\u017e\u00edce, 150 cm svahov\u00e1 nakl\u00e1p\u011bc\u00ed l\u017e\u00edce<\/p>\n<p>Bagr pat\u0159\u00ed mezi nejv\u00fdkonn\u011bj\u0161\u00ed minirypadla ve sv\u00e9 kategorii. Umo\u017e\u0148uje pr\u00e1ci ve st\u00edsn\u011bn\u00fdch prostor\u00e1ch. V\u00fdhodou je mimoosv\u00e9 kop\u00e1n\u00ed a gumov\u00e9 p\u00e1sy. Vhodn\u00fd je mj. k\u00a0v\u00fdkopu in\u017een\u00fdrsk\u00fdch s\u00edt\u00ed, z\u00e1klad\u016fm RD atd.[\/vc_column_text]<\/div><\/div><\/div><\/div><\/div><div class=\"cz_gap clr \" style=\"height: 30px\"><\/div>[\/vc_column][vc_column offset=&#8220;vc_col-md-4&#8243;]<div id=\"cz_13965\" class=\"cz_13965 cz_image clr cz_image_no_fx center_on_mobile\"><div class=\"\" ><div class=\"cz_image_in\"><div class=\"cz_main_image\"><img width=\"780\" height=\"780\" src=\"data:image\/svg+xml,%3Csvg%20xmlns%3D&#39;http%3A%2F%2Fwww.w3.org%2F2000%2Fsvg&#39;%20width=&#39;780&#39;%20height=&#39;780&#39;%20viewBox%3D&#39;0%200%20780%20780&#39;%2F%3E\" data-czlz data-src=\"https:\/\/www.obchod-servis.cz\/wp-content\/uploads\/2020\/05\/pila780.jpg\" class=\"attachment-full\" alt=\"\" data-srcset=\"https:\/\/www.obchod-servis.cz\/wp-content\/uploads\/2020\/05\/pila780.jpg 780w, https:\/\/www.obchod-servis.cz\/wp-content\/uploads\/2020\/05\/pila780-80x80.jpg 80w, https:\/\/www.obchod-servis.cz\/wp-content\/uploads\/2020\/05\/pila780-300x300.jpg 300w, https:\/\/www.obchod-servis.cz\/wp-content\/uploads\/2020\/05\/pila780-768x768.jpg 768w, https:\/\/www.obchod-servis.cz\/wp-content\/uploads\/2020\/05\/pila780-600x600.jpg 600w\" data-sizes=\"(max-width: 780px) 100vw, 780px\" \/><\/div><\/div><\/div><\/div><div class=\"cz_eqh cz_content_box_parent_fx  \"><div id=\"cz_22535\" class=\"cz_22535 cz_content_box clr\"><div class=\"cz_box_front clr\"><div class=\"cz_box_front_inner clr \"><span><\/span><div><div id=\"cz_40570\" class=\"cz_40570 cz_title clr cz_title_pos_inline tac\"><div class=\"cz_title_content\"><div class=\"cz_wpe_content\"><h3 style=\"text-align: center;\"><span style=\"font-size: 30px;\"><span style=\"color: #cc2c24;\">09.<\/span> Pila na asfalt<\/span><\/h3>\n<\/div><\/div><\/div><div class=\"cz_gap clr \" style=\"height: 30px\"><\/div>[vc_column_text]<\/p>\n<table cellspacing=\"0\">\n<tbody>\n<tr>\n<th>motor:<\/th>\n<td>Subaru<\/td>\n<\/tr>\n<tr>\n<th>pr\u016fm\u011br kotou\u010de :<\/th>\n<td>450 mm<\/td>\n<\/tr>\n<tr>\n<th>hloubka \u0159ezu :<\/th>\n<td>170 mm<\/td>\n<\/tr>\n<tr>\n<th>posuv:<\/th>\n<td>ru\u010dn\u00ed<\/td>\n<\/tr>\n<tr>\n<th>pr\u016fm\u011br up\u00ednac\u00edho otvoru :<\/th>\n<td>25,4 mm<\/td>\n<\/tr>\n<tr>\n<th>max. ot\u00e1\u010dky nezat\u00ed\u017een\u00e9ho v\u0159etene :<\/th>\n<td>3600 n\/min<\/td>\n<\/tr>\n<tr>\n<th>p\u0159\u00edvod vody:<\/th>\n<td>aqua spojka<\/td>\n<\/tr>\n<tr>\n<th>objem z\u00e1sobn\u00edku vody :<\/th>\n<td>20 l<\/td>\n<\/tr>\n<tr>\n<th>hmotnost :<\/th>\n<td>113 kg<\/td>\n<\/tr>\n<tr>\n<th>v\u00fdrobce:<\/th>\n<td>Ntc<\/td>\n<\/tr>\n<\/tbody>\n<\/table>\n<p>[\/vc_column_text]<\/div><\/div><\/div><\/div><\/div><div class=\"cz_gap clr \" style=\"height: 30px\"><\/div>[\/vc_column][\/vc_row][vc_row][vc_column]<div class=\"cz_gap clr \" style=\"height: 80px\"><\/div>[vc_column_text]<\/p>\n<p style=\"text-align: center;\">Techniku udr\u017eujeme v na\u0161\u00ed d\u00edln\u011b v s\u00eddle firmy.<\/p>\n<p>[\/vc_column_text][\/vc_column][\/vc_row][vc_row][vc_column]<div class=\"cz_gap clr \" style=\"height: 120px\"><\/div>[\/vc_column][\/vc_row][vc_row][vc_column]<div class=\"cz_gap clr \" style=\"height: 130px\"><\/div>[\/vc_column][\/vc_row][vc_row][vc_column][\/vc_column][\/vc_row]<\/p>\n","protected":false},"excerpt":{"rendered":"<p>[vc_row][vc_column width=&#8220;1\/6&#8243;][\/vc_column][vc_column width=&#8220;2\/3&#8243;][\/vc_column][vc_column width=&#8220;1\/6&#8243;][\/vc_column][\/vc_row][vc_row][vc_column offset=&#8220;vc_col-md-4&#8243;][\/vc_column][vc_column offset=&#8220;vc_col-md-4&#8243;][\/vc_column][vc_column offset=&#8220;vc_col-md-4&#8243;][\/vc_column][\/vc_row][vc_row][vc_column offset=&#8220;vc_col-md-4&#8243;][\/vc_column][vc_column offset=&#8220;vc_col-md-4&#8243;][\/vc_column][vc_column offset=&#8220;vc_col-md-4&#8243;][\/vc_column][\/vc_row][vc_row][vc_column offset=&#8220;vc_col-md-4&#8243;][\/vc_column][vc_column &#8230; <\/p>\n","protected":false},"author":1,"featured_media":0,"parent":0,"menu_order":0,"comment_status":"closed","ping_status":"closed","template":"","meta":[],"_links":{"self":[{"href":"https:\/\/www.obchod-servis.cz\/index.php?rest_route=\/wp\/v2\/pages\/882"}],"collection":[{"href":"https:\/\/www.obchod-servis.cz\/index.php?rest_route=\/wp\/v2\/pages"}],"about":[{"href":"https:\/\/www.obchod-servis.cz\/index.php?rest_route=\/wp\/v2\/types\/page"}],"author":[{"embeddable":true,"href":"https:\/\/www.obchod-servis.cz\/index.php?rest_route=\/wp\/v2\/users\/1"}],"replies":[{"embeddable":true,"href":"https:\/\/www.obchod-servis.cz\/index.php?rest_route=%2Fwp%2Fv2%2Fcomments&post=882"}],"version-history":[{"count":10,"href":"https:\/\/www.obchod-servis.cz\/index.php?rest_route=\/wp\/v2\/pages\/882\/revisions"}],"predecessor-version":[{"id":1309,"href":"https:\/\/www.obchod-servis.cz\/index.php?rest_route=\/wp\/v2\/pages\/882\/revisions\/1309"}],"wp:attachment":[{"href":"https:\/\/www.obchod-servis.cz\/index.php?rest_route=%2Fwp%2Fv2%2Fmedia&parent=882"}],"curies":[{"name":"wp","href":"https:\/\/api.w.org\/{rel}","templated":true}]}}